 15?
True
Is 121 a factor of 45637?
False
Is 629333 a multiple of 8?
False
Is 6191812 a multiple of 441?
False
Is 254350 a multiple of 50?
True
Is 15 a factor of 411936?
False
Is 13 a factor of 1292746?
True
Is 15 a factor of 364043?
False
Is 2843090 a multiple of 5?
True
Is 36 a factor of 24888972?
False
Is 549956 a multiple of 11?
True
Is 14 a factor of 104628?
False
Is 5 a factor of 62255?
True
Is 396 a factor of 270468?
True
Does 434 divide 602343?
False
Is 1530224 a multiple of 59?
True
Does 28 divide 4165308?
True
Does 6 divide 3803526?
True
Is 1652982 a multiple of 27?
False
Does 60 divide 73962?
False
Is 104 a factor of 25480?
True
Is 90 a factor of 447930?
True
Is 3194694 a multiple of 27?
True
Is 67932 a multiple of 6?
True
Is 1188342 a multiple of 356?
False
Is 298 a factor of 632458?
False
Is 265662 a multiple of 9?
True
Is 2 a factor of 3920400?
True
Is 13856161 a multiple of 22?
False
Is 99 a factor of 395955?
False
Is 138 a factor of 4140?
True
Is 10 a factor of 252178?
False
Does 59 divide 632073?
False
Does 2 divide 349411?
False
Does 18 divide 9516672?
True
Is 3321714 a multiple of 33?
True
Is 20 a factor of 979580?
True
Does 2 divide 204687?
False
Does 62 divide 19491?
False
Does 7 divide 16562?
True
Is 6 a factor of 30186?
True
Is 16 a factor of 186474?
False
Is 482378 a multiple of 48?
False
Does 10 divide 9659781?
False
Is 27 a factor of 122472?
True
Is 1610690 a multiple of 517?
False
Is 95 a factor of 20778282?
False
Is 61 a factor of 343401?
False
Does 37 divide 215001?
False
Is 2883701 a multiple of 341?
False
Is 225 a factor of 1962540?
False
Does 38 divide 448058?
True
Is 39 a factor of 633360?
True
Is 14 a factor of 141106?
True
Is 6030355 a multiple of 4?
False
Is 31 a factor of 735909?
True
Does 44 divide 171344?
False
Does 91 divide 901072?
False
Does 27 divide 22428?
False
Does 12 divide 29463?
False
Is 23 a factor of 11074495?
False
Does 7 divide 71686?
False
Is 4 a factor of 949808?
True
Is 177 a factor of 18986082?
True
Does 397 divide 1224157?
False
Does 39 divide 35685?
True
Is 190808 a multiple of 122?
True
Does 180 divide 111218?
False
Is 804384 a multiple of 532?
True
Is 4940768 a multiple of 112?
True
Is 34 a factor of 731238?
True
Is 652353 a multiple of 1167?
True
Is 2780005 a multiple of 205?
True
Does 79 divide 919718?
True
Is 7 a factor of 2345?
True
Is 242148 a multiple of 30?
False
Is 15 a factor of 353280?
True
Is 26 a factor of 130234?
True
Does 462 divide 5763569?
False
Does 289 divide 25432?
True
Is 52 a factor of 70252?
True
Is 3 a factor of 38220?
True
Is 8 a factor of 635648?
True
Is 24 a factor of 825403?
False
Does 47 divide 266349?
True
Is 3498 a multiple of 121?
False
Is 206 a factor of 235515?
False
Does 128 divide 56658?
False
Is 101618 a multiple of 246?
False
Is 2 a factor of 2730337?
False
Is 16011179 a multiple of 57?
False
Is 192 a factor of 4487973?
False
Is 351456 a multiple of 42?
True
Does 2 divide 207696?
True
Is 24 a factor of 1663248?
True
Is 21 a factor of 6247043?
False
Does 56 divide 77672?
True
Is 37 a factor of 888962?
True
Is 139 a factor of 247420?
True
Does 14 divide 127227?
False
Is 947042 a multiple of 718?
True
Is 193030 a multiple of 97?
True
Is 796 a factor of 271436?
True
Is 252449 a multiple of 224?
False
Does 11 divide 6677?
True
Is 453394 a multiple of 10?
False
Does 23 divide 13268699?
False
Is 5620199 a multiple of 1729?
False
Is 12408 a multiple of 4?
True
Is 2195506 a multiple of 1014?
False
Does 3 divide 2810449?
False
Is 4261005 a multiple of 27?
True
Is 116439 a multiple of 111?
True
Is 10 a factor of 19060?
True
Is 631099 a multiple of 89?
True
Does 414 divide 11909952?
True
Is 167 a factor of 181362?
True
Is 14314 a multiple of 421?
True
Does 287 divide 19142?
False
Is 1436950 a multiple of 32?
False
Does 1327 divide 529973?
False
Is 57 a factor of 409170?
False
Is 2744299 a multiple of 547?
True
Is 72 a factor of 292053?
False
Does 16 divide 3663968?
True
Is 774033 a multiple of 20?
False
Is 417 a factor of 58380?
True
Is 13798706 a multiple of 23?
False
Is 83 a factor of 125745?
True
Is 68 a factor of 79424?
True
Does 30 divide 30045705?
False
Is 52 a factor of 41554?
False
Is 5 a factor of 92541?
False
Does 49 divide 7191436?
True
Is 9 a factor of 54017?
False
Is 53 a factor of 196259?
True
Does 6 divide 52724?
False
Does 157 divide 432140?
False
Is 2575209 a multiple of 907?
False
Does 35 divide 676375?
True
Is 765552 a multiple of 12?
True
Does 1290 divide 12809700?
True
Is 3895 a multiple of 41?
True
Is 182 a factor of 364670?
False
Is 1455765 a multiple of 915?
True
Is 2908411 a multiple of 116?
False
Is 135 a factor of 1910115?
True
Is 7209909 a multiple of 1116?
False
Is 12 a factor of 1237068?
True
Does 6 divide 1768246?
False
Is 7325748 a multiple of 783?
True
Is 112376 a multiple of 22?
True
Does 98 divide 99143?
False
Is 1921940 a multiple of 23?
False
Is 6731 a multiple of 10?
False
Is 85211 even?
False
Is 66 a factor of 346046?
False
Is 1614507 a multiple of 286?
False
Does 230 divide 374210?
True
Does 133 divide 244853?
True
Is 7924 a multiple of 11?
False
Does 482 divide 225576?
True
Does 352 divide 1701274?
False
Is 9 a factor of 2367?
True
Does 238 divide 14351224?
False
Is 214740 a multiple of 152?
False
Is 409442 a multiple of 407?
True
Does 534 divide 359307?
False
Is 863 a factor of 11998314?
False
Is 15 a factor of 104536?
False
Is 23 a factor of 138799?
False
Is 770 a factor of 1626928?
False
Is 2351980 a multiple of 4?
True
Is 28 a factor of 389224?
False
Is 72515 a multiple of 2?
False
Is 73566 a multiple of 9?
True
Is 15 a factor of 6245535?
True
Does 190 divide 143585?
False
Is 67 a factor of 80230?
False
Is 122 a factor of 6083164?
True
Does 29 divide 3583904?
False
Does 10 divide 15872524?
False
Does 36 divide 18843?
False
Is 3430677 a multiple of 270?
False
Is 323 a factor of 9163510?
True
Is 15 a factor of 14258399?
False
Is 98 a factor of 2675671?
False
Is 1048 a factor of 7699036?
False
Is 155 a factor of 266600?
True
Does 14 divide 39373?
False
Does 7 divide 115570?
True
Is 1853196 a multiple of 12?
True
Is 10401 a multiple of 3?
True
Is 148 a factor of 53918?
False
Is 335359 a multiple of 15?
False
Is 5 a factor of 705948?
False
Is 30 a factor of 817024?
False
Is 520 a factor of 8916960?
True
Is 79639 a multiple of 104?
False
Is 369 a factor of 5405850?
True
Is 3133313 a multiple of 17?
False
Does 13 divide 16669901?
False
Does 17 divide 391204?
True
Is 46 a factor of 49174?
True
Is 4331403 a multiple of 1017?
True
Is 152 a factor of 17632?
True
Is 34 a factor of 1537049?
False
Is 2 a factor of 2698?
True
Does 14 divide 36915844?
True
Does 12 divide 1649904?
True
Is 47368 a multiple of 31?
True
Is 173 a factor of 156514?
False
Is 531420 a multiple of 68?
True
Is 234 a factor of 3269448?
True
Is 194 a factor of 876893?
False
Does 1095 divide 7540170?
True
Is 828 a factor of 7176229?
False
Does 16 divide 26043200?
True
Is 10 a factor of 653390?
True
Does 67 divide 322123?
False
Is 29 a factor of 394487?
True
Is 41739 a multiple of 12?
False
Is 12 a factor of 214015?
False
Is 5 a factor of 628005?
True
Is 34 a factor of 2079610?
True
Is 2646950 a multiple of 167?
True
Is 2580726 a multiple of 25?
False
Is 946 a factor of 793177?
False
Does 303 divide 611493?
False
Is 46 a factor of 100436?
False
Is 2095630 a multiple of 11?
False
Does 99 divide 2790434?
False
Is 105 a factor of 925287?
False
Is 5 a factor of 492704?
False
Does 6 divide 167628?
True
Is 848907 a multiple of 207?
True
Is 2642112 a multiple of 576?
True
Is 32 a factor of 905408?
True
Does 17 divide 12731266?
True
Is 842240 a multiple of 448?
True
Is 265 a factor of 43460?
True
Does 7 divide 514948?
True
Is 157313 a multiple of 167?
False
Does 39 divide 1354389?
False
Is 19 a factor of 856695?
False
Is 36 a factor of 330502?
False
Does 271 divide 3155425?
False
Is 408 a factor of 245131?
False
Is 25740960 a multiple of 15?
True
Does 62 divide 428482?
True
Is 8 a factor of 71095?
False
Is 49 a factor of 1736952?
True
Is 1382205 a multiple of 15?
True
Does 238 divide 2195652?
False
Is 28 a factor of 9207744?
True
Is 10450 a multiple of 10?
True
Does 27 divide 247094?
False
Is 1425 a multiple of 75?
True
Is 19 a factor of 2992918?
True
Is 325 a fac